13. Let z(j) = 7*h(j) - 3*i(j). List the prime factors of z(15).
2, 23
Let s = -147 - -175. What are the prime factors of (0 - 2/(-4)) + 28462/s?
3, 113
Suppose 8*y - 352 = -2408. Let g = 632 + y. What are the prime factors of g?
3, 5
Let v(n) = -3471*n + 2640. List the prime factors of v(-11).
3, 11, 1237
Let t(f) = -f**2 + 2*f + 2. Let a be t(3). Suppose 4*u = 3*p + 8, -5*u - 2*p - p = -10. What are the prime factors of (u - 6)*a*(-103)/(-4)?
103
Let i(r) = -14*r + 35. Let d(u) be the first derivative of -15*u**2/2 + 36*u - 7. Let t(c) = -6*d(c) + 5*i(c). What are the prime factors of t(11)?
179
Let h(i) = 279*i**2 - 19*i - 52. Let t be h(-2). Suppose -4 = -4*j + 4. Suppose -t = -2*v - 3*v + 3*k, 864 = 4*v + j*k. What are the prime factors of v?
2, 109
What are the prime factors of (6601 - 2)/(((-306)/(-63))/34)?
7, 6599
Suppose -24297 = 253*s - 8854570 + 815486. What are the prime factors of s?
79, 401
Suppose 0 = 5*z - 5*m - 20, 15*z - 10 = 12*z + 2*m. Suppose -1410 = -z*f - 2*c, -f + 517 = 4*c - 182. What are the prime factors of f?
7, 101
Suppose -2021*a + 372400 = -2011*a. What are the prime factors of a?
2, 5, 7, 19
Suppose i + 64*f - 29077 = 60*f, -5*i = 2*f - 145259. List the prime factors of i.
3, 23, 421
List the prime factors of (5*-1)/((-2)/(-5))*4865040/(-13050).
2, 5, 233
Let p be (-4 - -4) + (-3 + 6 - 1). Let x(n) = 37*n - n**2 - 9 + 2*n**p - 36*n. What are the prime factors of x(-8)?
47
Suppose 0 = 59*f - 432938 - 720245 + 71005. What are the prime factors of f?
2, 3, 1019
Let l(a) = -a + 12. Let u be l(6). Suppose o + o - u = 0. Suppose 4*c = -5*z + 322, 251 = 4*z + o*c - 2*c. List the prime factors of z.
2, 31
Suppose 0 = -2*j + 3*b + 44694, 1881*j - 3*b = 1882*j - 22338. What are the prime factors of j?
2, 3, 7, 19
Suppose 4*p - 5*f = 1312, -2*p = -4*p - f + 670. Suppose -228 = -11*u + p. Let o = -2 + u. What are the prime factors of o?
7
Suppose 20*o - 22*o + 12 = 0. Suppose 11*b = o*b + 35. Let z(v) = v**3 - 7*v**2 + 3*v - 6. What are the prime factors of z(b)?
3, 5
Let h = 6702 - 6408. List the prime factors of h.
2, 3, 7
Let l(m) = -m**3 - 10 - 13 - 40*m - 30 + 2*m**3 - 7*m**2. List the prime factors of l(15).
31, 37
Suppose -j = -n - 500, 614 = 2*j + 3*n - 416. List the prime factors of j.
2, 11, 23
Suppose -102552 - 13621 = -12*n + 22859. List the prime factors of n.
2, 3, 1931
Suppose -9*f = -454 - 95. Suppose f*l = 66*l - 1570. What are the prime factors of l?
2, 157
Let n(r) = -r**3 + r**2 + 4*r. Let s be n(-2). Suppose s*u - 5 - 3 = 0. What are the prime factors of (u - -58) + (-16)/(-4)?
2
Let l be (-170)/(-15)*(-867)/(-2). Suppose 15*d = l + 2572. What are the prime factors of d?
499
Suppose -20*i - 2193 = -5910 - 6003. List the prime factors of i.
2, 3
Let d = -1473 - -778. Let r = -331 - d. List the prime factors of r.
2, 7, 13
Suppose 9*s - 2239 = 119. Suppose 0 = -8*y - s + 1118. List the prime factors of y.
107
Suppose -10*i + 1219 = -20861. Suppose 216*b - 219*b = -i. What are the prime factors of b?
2, 23
Let z = 6639 - -13961. What are the prime factors of z?
2, 5, 103
Let b = 88839 - 54953. List the prime factors of b.
2, 16943
Suppose -v + 94806 = 4*n, -5*v + 74479 - 3349 = 3*n. What are the prime factors of n?
2, 3, 5, 79
Let c = -256 - -104. Let g = 560 - 329. Let o = c + g. What are the prime factors of o?
79
Let f(s) = 22*s**2 + 68*s + 2821. List the prime factors of f(51).
7, 43, 211
Let m(z) = -41002*z**3 - 2*z**2 + 96*z + 98. What are the prime factors of m(-1)?
2, 13, 19, 83
Let h(s) = 52*s**2 + 12*s**2 - 2 - 2*s + 5 - 4. Let n be h(-2). Suppose 291 = 5*x - n. List the prime factors of x.
2, 5, 11
Let d = 302 - -2469. List the prime factors of d.
17, 163
Suppose 8*f - 27540 = 4*f. Suppose -27*j + 2538 = -f. List the prime factors of j.
349
Suppose 2*v - w - 13 = 0, -3*v - 4*w + 9*w + 37 = 0. Let g be (-42648)/(-52) - 10/65. Suppose v*x = -x + g. What are the prime factors of x?
2, 41
What are the prime factors of 1 + (82581/5 - (-72)/(-360))?
83, 199
Suppose 1451*y = 1346*y + 4217010. List the prime factors of y.
2, 43, 467
Let b(i) = i**3 + 10*i**2 + 8*i - 13. Let k be b(-5). Suppose -2*o = 2*v - 116, 0 = v - 5*o - k + 14. List the prime factors of v.
2, 29
List the prime factors of ((5 - -7)/(-2))/((-4)/458).
3, 229
Suppose 111567 = 24*s - 182097. What are the prime factors of s?
2, 7, 19, 23
Suppose -10*l - l = -22. Let s be (-1 - -2) + l + 73. Suppose 3*v = 197 + s. What are the prime factors of v?
7, 13
Suppose -j - 4*k = -41, -j - 2 = -4*k - 3. What are the prime factors of (372/18)/(1/j)?
2, 7, 31
Let x be -1 + 816 + -106 + 110. Suppose 55*r = -g + 60*r + x, 4164 = 5*g - 2*r. List the prime factors of g.
2, 3, 139
Let y(k) = -k**2 + 21*k + 117. Suppose -16 = 2*c - 56. What are the prime factors of y(c)?
137
Suppose 68 - 22 = -4*v - 2*b, -3*b = v + 19. Let q(l) = l + 12. Let p be q(v). Suppose n - 2*m = 23 + 27, -4*n - p*m = -180. What are the prime factors of n?
2, 23
Suppose 152*u = 2739250 - 27418. What are the prime factors of u?
3, 19, 313
Let m = 527 - 527. Suppose m = -r - 124 + 887. List the prime factors of r.
7, 109
Suppose 0 = -b + 7, 3054 = 2*t + b - 3373. List the prime factors of t.
2, 3, 5, 107
Let y(x) = -x**3 + 14*x**2 + 12*x + 50. Let q be y(15). Let z = 127 - q. List the prime factors of z.
2, 61
Suppose 146 = 4*v - 34. Let q(j) = -18*j - 2. Let o be q(-4). Let t = o - v. List the prime factors of t.
5
Let j be (9/(-12))/((-1)/4) - -874. Suppose f = -5*r + j, -r = 5*f - 42 - 119. What are the prime factors of r?
2, 11
Let j = 71662 - 9585. What are the prime factors of j?
23, 2699
Suppose 0*c + c = -2*j - 55, -29 = j - c. Let u = j + 26. List the prime factors of u*((-1 + 3)/1 - 53).
2, 3, 17
List the prime factors of (4 - -16796) + (9 - (-3 - -6)).
2, 3, 2801
Let p = -43696 + 72309. What are the prime factors of p?
13, 31, 71
Let r = 29723 - -7273. What are the prime factors of r?
2, 3, 3083
Suppose 0 = 5*n + 20, -2*n + 12 = 4*y + y. Suppose 5*m = 111 + y. Suppose -3*i + 94 = -m. List the prime factors of i.
3, 13
Suppose 9*j + 111 = 75. Let s(f) = -3*f**3 - 4*f**2 - f - 7. What are the prime factors of s(j)?
5
Let a(u) be the second derivative of -u**3/6 + 5*u**2/2 - 8*u. Let t be a(3). Suppose -5*v + 4*v - 5 = 0, -5*h - t*v = -570. List the prime factors of h.
2, 29
Suppose -3*w + 28 = 7*f - 3*f, -w + 4 = 0. Suppose 1537 - 393 = -f*j. Let b = j - -400. What are the prime factors of b?
2, 3, 19
Suppose 12*v - 36*v = -168528. List the prime factors of v.
2, 3511
List the prime factors of 15 - 17 - (-68412)/1.
2, 5, 6841
Let i = 38 - -14. Let q be (-4728)/26 - 8/i. Let c = 18 - q. List the prime factors of c.
2, 5
Let n be (-2)/(2*(-2)/4). Suppose 3*m + 0*m + n*k = -164, 4*m + 218 = -3*k. Let j = m - -119. List the prime factors of j.
3, 7
Suppose -2*c = -4*c + 14. Suppose c*n + 5 = 19. List the prime factors of (n - 3)/((-114)/111 + 1).
37
Let l be (-5)/((-100)/(-12))*-30. Suppose 0 = 3*a + 9 - l. Suppose -5*x + 2*d + 19 = -0*d, a*x - 7 = -d. What are the prime factors of x?
3
Suppose -5*k + 98 = 5*h + 288, 4*k - 4*h = -168. Let q = -43 - k. List the prime factors of -191*q/3*(5 - 4).
191
Suppose -16*a = -102*a + 860. Suppose 0 = 5*r - 5944 - 1761. Suppose -r = -a*z + 419. List the prime factors of z.
2, 7
Let o(t) = -2*t**2 + 4*t + 9. Let y be o(-2). Let m be y/(105/40) + (-4)/(-6). List the prime factors of (m/(-4) + -1)*4 + 57.
5, 11
Suppose 3*x - 6*r + 1787 = -10*r, 0 = -5*x + 2*r - 2935. Let n = 790 + x. What are the prime factors of n?
3, 67
Let q(o) = -o + 1. Let t(b) = 5*b - 5. Let i(k) = 22*q(k) + 4*t(k). Let l be i(-5). Let m = l + 14. What are the prime factors of m?
2, 13
Let q = -52 - -28. Let a be (8/q)/(2/(18*-1)). Let p = a + 33. What are the prime factors of p?
2, 3
Let t(h) be the first derivative of -h**3 - 2*h**2 + h + 30. Let k be t(1). What are the prime factors of 43/((k/3)/(-10))?
5, 43
Let j = 2614 + 6602. List the prime factors of j.
2, 3
List the prime factors of (-2)/((-12)/9)*(114 - -50).
2, 3, 41
Suppose -4*q + q = 4*i - 44952, -2*q = 4*i - 44948. What are the prime factors of i/20 - (1 + (-2)/8)?
3, 11, 17
Let f be (12/(-10))/((-57)/190). Suppose -5*g + 5 = -f*g. List the prime factors of 2/g - 993*1/(-5).
199
Let i be -1 + (-19)/((